{"id":12,"date":"2012-01-15T17:54:57","date_gmt":"2012-01-15T16:54:57","guid":{"rendered":"http:\/\/kmetijapribrojanu.si\/?page_id=12"},"modified":"2021-02-14T08:02:52","modified_gmt":"2021-02-14T07:02:52","slug":"izdelki","status":"publish","type":"page","link":"https:\/\/www.kmetijapribrojanu.si\/?page_id=12","title":{"rendered":"Mle\u010dni izdelki"},"content":{"rendered":"<div style=\"text-align: left;\">Nudimo vam naslednje mle\u010dne izdelke:<\/div>\n<div>&nbsp;<\/div>\n\n\n<div class=\"wp-block-columns is-layout-flex wp-container-core-columns-is-layout-9d6595d7 wp-block-columns-is-layout-flex\">\n<div class=\"wp-block-column is-layout-flow wp-block-column-is-layout-flow\">\n<p><strong>MLEKO<\/strong><\/p>\n\n\n\n<p>Mleko<br>Kislo mleko<br><a href=\"https:\/\/www.kmetijapribrojanu.si\/?page_id=203\">Ve\u010d&#8230;<\/a><\/p>\n\n\n\n<p><strong>JOGURT<\/strong>I<\/p>\n\n\n\n<p>Navadni jogurt<br>&#8220;Ta dobr&#8221; jogurt<br>Sadni jogurt<br>Gr\u0161ki tip jogurta<br>Sadni gr\u0161ki tip jogurta<br><a href=\"https:\/\/www.kmetijapribrojanu.si\/?page_id=198\" data-type=\"page\" data-id=\"198\">Ve\u010d&#8230;<\/a><\/p>\n<\/div>\n\n\n\n<div class=\"wp-block-column is-layout-flow wp-block-column-is-layout-flow\">\n<p><strong>SIR<\/strong>I<\/p>\n\n\n\n<p>Sir Toplar<br>Mladi sir<br>Mladi sir z dodatki<br>Sir za pe\u010denje<br><a href=\"https:\/\/www.kmetijapribrojanu.si\/?page_id=265\" data-type=\"page\" data-id=\"265\">Ve\u010d&#8230;<\/a><\/p>\n<\/div>\n\n\n\n<div class=\"wp-block-column is-layout-flow wp-block-column-is-layout-flow\">\n<p><strong>SKUTE<\/strong><\/p>\n\n\n\n<p>Skuta<br>Skutka s sadjem<br>Sirni namaz<br><a href=\"https:\/\/www.kmetijapribrojanu.si\/?page_id=262\" data-type=\"page\" data-id=\"262\">Ve\u010d&#8230;<\/a><\/p>\n\n\n\n<p><strong>RAZNO<\/strong><\/p>\n\n\n\n<p>Maslo<br>Kisla smetana<br>Sirotka<br><a href=\"https:\/\/www.kmetijapribrojanu.si\/?page_id=211\" data-type=\"page\" data-id=\"211\">Ve\u010d&#8230;<\/a><\/p>\n<\/div>\n<\/div>\n","protected":false},"excerpt":{"rendered":"<p>Nudimo vam naslednje mle\u010dne izdelke: &nbsp; MLEKO MlekoKislo mlekoVe\u010d&#8230; JOGURTI Navadni jogurt&#8220;Ta dobr&#8221; jogurtSadni jogurtGr\u0161ki tip jogurtaSadni gr\u0161ki tip jogurtaVe\u010d&#8230; SIRI Sir ToplarMladi sirMladi sir&hellip;<\/p>\n","protected":false},"author":1,"featured_media":0,"parent":0,"menu_order":0,"comment_status":"closed","ping_status":"closed","template":"","meta":{"ngg_post_thumbnail":0,"footnotes":""},"class_list":["post-12","page","type-page","status-publish","hentry"],"_links":{"self":[{"href":"https:\/\/www.kmetijapribrojanu.si\/index.php?rest_route=\/wp\/v2\/pages\/12","targetHints":{"allow":["GET"]}}],"collection":[{"href":"https:\/\/www.kmetijapribrojanu.si\/index.php?rest_route=\/wp\/v2\/pages"}],"about":[{"href":"https:\/\/www.kmetijapribrojanu.si\/index.php?rest_route=\/wp\/v2\/types\/page"}],"author":[{"embeddable":true,"href":"https:\/\/www.kmetijapribrojanu.si\/index.php?rest_route=\/wp\/v2\/users\/1"}],"replies":[{"embeddable":true,"href":"https:\/\/www.kmetijapribrojanu.si\/index.php?rest_route=%2Fwp%2Fv2%2Fcomments&post=12"}],"version-history":[{"count":73,"href":"https:\/\/www.kmetijapribrojanu.si\/index.php?rest_route=\/wp\/v2\/pages\/12\/revisions"}],"predecessor-version":[{"id":1257,"href":"https:\/\/www.kmetijapribrojanu.si\/index.php?rest_route=\/wp\/v2\/pages\/12\/revisions\/1257"}],"wp:attachment":[{"href":"https:\/\/www.kmetijapribrojanu.si\/index.php?rest_route=%2Fwp%2Fv2%2Fmedia&parent=12"}],"curies":[{"name":"wp","href":"https:\/\/api.w.org\/{rel}","templated":true}]}}