{"id":1258,"date":"2021-02-14T08:26:59","date_gmt":"2021-02-14T07:26:59","guid":{"rendered":"https:\/\/www.kmetijapribrojanu.si\/?page_id=1258"},"modified":"2021-02-14T10:25:37","modified_gmt":"2021-02-14T09:25:37","slug":"izjava-o-piskotkih","status":"publish","type":"page","link":"https:\/\/www.kmetijapribrojanu.si\/?page_id=1258","title":{"rendered":"IZJAVA O PI\u0160KOTKIH"},"content":{"rendered":"\n<p>Ta izjava o pi\u0161kotkih opisuje, kako spletno mesto www.kmetijapribrojanu.si uporablja pi\u0161kotke in podobne tehnologije za zbiranje in shranjevanje informacij, ko obi\u0161\u010dete spletne strani www.kmetijapribrojanu.si.<\/p>\n\n\n\n<p><strong>1. O pi\u0161kotkih<\/strong><\/p>\n\n\n\n<p>Spletna mesta uporabljajo inteligentne in koristne tehnike za ve\u010djo prijaznost do uporabnikov in za \u010dim zanimivej\u0161o izku\u0161njo vsakega obiskovalca. Med najbolj poznane tehnike spadajo pi\u0161kotki. Pi\u0161kotke lahko uporabljajo lastniki spletnih mest ali tretje osebe \u2013 kot so ogla\u0161evalci, ki komunicirajo prek spletnih mest, ki jih obiskujete.<\/p>\n\n\n\n<p>Pi\u0161kotki so majhne besedilne datoteke, ki jih spletna mesta shranijo v uporabnikov ra\u010dunalnik. Podatki v pi\u0161kotkih lahko slu\u017eijo tudi za sledenje va\u0161emu brskanju po razli\u010dnih spletnih mestih, ki uporabljajo isti pi\u0161kotek.<\/p>\n\n\n\n<p>Pi\u0161kotke razvr\u0161\u010damo po trajnosti in po tem, kdo jih nastavlja.<\/p>\n\n\n\n<p>Menimo, da je zelo pomembno, da ste obve\u0161\u010deni o pi\u0161kotkih, ki jih uporablja na\u0161e spletno mesto ter o namenih, za katere jih uporablja. Namena sta dva. \u017delimo varovati va\u0161o zasebnost in zagotoviti prijaznost do uporabnika. V razlagi v nadaljevanju boste izvedeli ve\u010d o pi\u0161kotkih, ki se uporabljajo na na\u0161em spletnem mestu in prek njega, ter o njihovih namenih.<\/p>\n\n\n\n<p>2. <strong>Pi\u0161kotki in njihova funkcionalnost<\/strong><\/p>\n\n\n\n<p>Razli\u010dne vrste pi\u0161kotkov slu\u017eijo za razli\u010dne namene. V nadaljevanju so opisi najpogostej\u0161ih vrst pi\u0161kotkov in njihovih namenov.<\/p>\n\n\n\n<p>2.1. Pi\u0161kotki seje<\/p>\n\n\n\n<p>Pi\u0161kotek seje je za\u010dasno shranjen v pomnilniku va\u0161ega ra\u010dunalnika v \u010dasu, ko brskate po spletnem mestu, denimo za to, da si zapomni, kateri jezik ste izbrali. Pi\u0161kotki sej v va\u0161em ra\u010dunalniku niso shranjeni dalj\u0161i \u010das, ampak izginejo takoj, ko zaprete spletni brskalnik.<\/p>\n\n\n\n<p>2.2. Trajni oziroma sledilni pi\u0161kotki<\/p>\n\n\n\n<p>Trajni pi\u0161kotek datoteko v va\u0161 ra\u010dunalnik shrani za dalj \u010dasa; pi\u0161kotek te vrste ima nastavljen datum izteka delovanja. Trajni pi\u0161kotki pomagajo spletnim mestom priklicati va\u0161e podatke in nastavitve ob naslednjem obisku. To pospe\u0161i in olaj\u0161a dostop do spletnega mesta, saj se vam denimo ni treba ponovno prijavljati.<br>Po datumu izteka delovanja se pi\u0161kotek samodejno izbri\u0161e, takoj ko se vrnete na spletno mesto, ki ga je ustvarilo.<\/p>\n\n\n\n<p>2.3. Pi\u0161kotki prve osebe<\/p>\n\n\n\n<p>To so pi\u0161kotki, ki jih nastavi spletno mesto samo (domena, navedena v naslovni vrstici brskalnika) in ki jih lahko bere samo to spletno mesto. Ti pi\u0161kotki se obi\u010dajno uporabljajo za shranjevanje podatkov, kot so va\u0161e priljubljene izbire, za ponovne obiske spletnega mesta.<\/p>\n\n\n\n<p>2.4. Pi\u0161kotki tretje osebe<\/p>\n\n\n\n<p>To so pi\u0161kotki, ki jih nastavijo druge domene, ne domena, navedena v naslovni vrstici brskalnika, torej druge organizacije, ne lastnik spletnega mesta. Med \u201cpi\u0161kotke tretje osebe\u201d spadajo denimo tudi pi\u0161kotki za zbiranje podatkov za ogla\u0161evanje in prilagajanje vsebin, pa tudi za spletne statistike. Ker pi\u0161kotki tretjih oseb omogo\u010dajo \u0161ir\u0161e preglede uporabnikovih brskalnih navad, \u0161tejejo za ob\u010dutljivej\u0161e z vidika nedotakljivosti, zato vam ve\u010dina spletnih brskalnikov omogo\u010da prilagoditi nastavitve tudi tako, da va\u0161 ra\u010dunalnik ne sprejema pi\u0161kotkov tretjih oseb. Spletna stran www.kmetijapribrojanu.si ne uporablja pi\u0161kotkov tretjih oseb.<\/p>\n\n\n\n<p>2.5. Pi\u0161kotki flash<\/p>\n\n\n\n<p>Pi\u0161kotki flash (pi\u0161kotki v lokalni skupni rabi) so podatkovne enote, ki jih lahko spletna mesta, ki uporabljajo Adobe Flash, shranijo v va\u0161 ra\u010dunalnik. Pi\u0161kotki flash so nova tehnika, ki omogo\u010da spremljanje va\u0161ega gibanja in shranjevanje veliko ve\u010d podatkov o vas kot pri obi\u010dajnih pi\u0161kotkih. Ena glavnih pomanjkljivosti pi\u0161kotkov flash je, da jih v svojem brskalniku ne morete najti. Niso navedeni na seznamu pi\u0161kotkov, trenutno shranjenih v va\u0161em spletnem brskalniku, ki si ga lahko ogledate. Obi\u010dajni pi\u0161kotki HTTP ne morejo shraniti ve\u010d kot 4 kB podatkov, pi\u0161kotki flash pa jih lahko do 100 kB. Pi\u0161kotki flash so tehni\u010dno zasnovani podobno kot obi\u010dajni pi\u0161kotki. Skoraj vsi spletni brskalniki vsebujejo predvajalnik Flash, ki slu\u017ei za prikaz predstavitev vrste Flash. Med poznane predstavitve vrste Flash spada denimo video predvajalnik na video strani YouTube. (Pi\u0161kotki flash niso omejeni samo na YouTube, ampak nastopajo na vseh spletnih mestih, ki uporabljajo pi\u0161kotke flash.). Pi\u0161kotki flash nimajo omejenega \u010dasa veljavnosti. Ostanejo, kjer so, vse do izbrisa.<\/p>\n\n\n\n<p>2.6 Za kaj uporabljamo pi\u0161kotke flash<\/p>\n\n\n\n<p>Pi\u0161kotke flash se uporablja za zbiranje statisti\u010dnih podatkov in nastavljanje priljubljenih avdio izbir.<\/p>\n\n\n\n<p>2.6.1 Kako onemogo\u010dite pi\u0161kotke flash<\/p>\n\n\n\n<p>Pi\u0161kotkov flash ni mogo\u010de blokirati ali upravljati kot obi\u010dajne pi\u0161kotke v spletnem brskalniku, saj so shranjeni drugje, na plo\u0161\u010di globalnih pomnilni\u0161kih nastavitev (Global Storage Settings) spletnega upravnika nastavitev (online Settings Manager) na spletnem mestu Adobe. <a rel=\"noreferrer noopener\" href=\"http:\/\/www.macromedia.com\/support\/documentation\/en\/flashplayer\/help\/settings_manager07.html\" target=\"_blank\">Upravnik nastavitev<\/a> lahko odprete s spletnega mesta Adobe, te\u010de pa lokalno na va\u0161em ra\u010dunalniku. Globalne pomnilni\u0161ke nastavitve prikazujejo vse pi\u0161kotke flash, ki so trenutno shranjeni v va\u0161em ra\u010dunalniku. Bri\u0161ete lahko pi\u0161kotke flash s posameznih strani ali vse naenkrat. Lahko tudi pove\u010date ali zmanj\u0161ate obseg podatkov, v kilobajtih, ki so shranjeni v va\u0161em ra\u010dunalniku. \u010ce vstopite v globalne pomnilni\u0161ke nastavitve in onemogo\u010dite mo\u017enost \u201cDovoli vsebinam flash tretjih oseb, da shranjujejo podatke v va\u0161em ra\u010dunalniku\u201d (Allow third-party Flash content to store data on your computer), se ne bo shranil noben pi\u0161kotek flash. \u010ce se \u017eelite odpovedati pi\u0161kotkom flash po posameznih straneh, to naredite v <a rel=\"noreferrer noopener\" href=\"http:\/\/www.macromedia.com\/support\/documentation\/en\/flashplayer\/help\/settings_manager07.html\" target=\"_blank\">Upravniku nastavitev<\/a>..<br>\u010ce onemogo\u010dite pi\u0161kotke flash, vam ne moremo jam\u010diti, da bodo vse funkcije na\u0161ega spletnega mesta delovale, kot je predvideno.<\/p>\n\n\n\n<ol class=\"wp-block-list\" start=\"4\"><li><strong>Seznam pi\u0161kotkov, ki jih nastavlja spletna stran kmetijapribrojanu.si<br><\/strong><\/li><\/ol>\n\n\n\n<figure class=\"wp-block-table\"><table><thead><tr><th><strong>Ime pi\u0161kotka<\/strong><\/th><th><strong>Namen uporabe<\/strong><\/th><th><strong>\u010cas hranjenja<\/strong><\/th><th>Domena<\/th><\/tr><\/thead><tbody><tr><td>moove_gdpr_popup<\/td><td>Potrditev strinjanja s pi\u0161kotki<\/td><td>365 dni<\/td><td>kmetijapribrojanu.si<\/td><\/tr><tr><td>PH_HPXY_CHECK<\/td><td>Izbolj\u0161ane funkcionalnosti brskalnika<\/td><td>Do konca seje<\/td><td>kmetijapribrojanu.si<\/td><\/tr><\/tbody><\/table><\/figure>\n\n\n\n<ol class=\"wp-block-list\" start=\"5\"><li><strong>Upravljanje pi\u0161kotkov<\/strong><\/li><\/ol>\n\n\n\n<p>5.1 Kako upravljati s pi\u0161kotki v razli\u010dnih spletnih brskalnikih?<\/p>\n\n\n\n<p>Za navodila kliknite na spodnje linke. Linki vodijo na zunanja spletna mesta z vsebino v angle\u0161\u010dini (ve\u010dina pa jih je na voljo tudi v ve\u010d jezikih).<\/p>\n\n\n\n<p><br>PC in Mac:<\/p>\n\n\n\n<ul class=\"wp-block-list\"><li><a rel=\"noreferrer noopener\" href=\"http:\/\/support.microsoft.com\/kb\/196955\" target=\"_blank\">Internet Explorer<\/a><\/li><li><a rel=\"noreferrer noopener\" href=\"http:\/\/support.mozilla.org\/en-US\/kb\/cookies-information-websites-store-on-your-computer?redirectlocale=en-US&amp;redirectslug=Cookies\" target=\"_blank\">Firefox<\/a><\/li><li><a rel=\"noreferrer noopener\" href=\"http:\/\/support.google.com\/chrome\/bin\/answer.py?hl=en&amp;answer=95647\" target=\"_blank\">Chrome<\/a><\/li><li><a rel=\"noreferrer noopener\" href=\"http:\/\/support.apple.com\/kb\/PH5042\" target=\"_blank\">Safari<\/a><\/li><\/ul>\n\n\n\n<p>Mobilne naprave:<\/p>\n\n\n\n<ul class=\"wp-block-list\"><li><a href=\"http:\/\/support.apple.com\/kb\/HT1677\" target=\"_blank\" rel=\"noreferrer noopener\">Safari iOS<\/a><\/li><li><a href=\"http:\/\/support.google.com\/android\/bin\/answer.py?hl=sl&amp;hlrm=en&amp;answer=1722193\" target=\"_blank\" rel=\"noreferrer noopener\">Android<\/a><\/li><\/ul>\n\n\n\n<p>Razli\u010dni BlackBerry telefoni imajo razli\u010dna navodila, vendar lahko navodila za vsak posamezen model najdete preko zgornje povezave.<\/p>\n\n\n\n<p>\u010ce uporabljate spletni brskalnik, ki ni na zgornjem seznamu, se prosimo obrnite na brskalnikova navodila ali spletno pomo\u010d za ve\u010d informacij.<\/p>\n\n\n\n<p>Niste prepri\u010dani kateri spletni brskalnik uporabljate? To lahko ugotovite na naslednji na\u010din:<\/p>\n\n\n\n<p>PC: Odprite brskalnik in kliknite \u201cPomo\u010d\u201d ali \u201cHelp\u201d na vrhu okna brskalnika. Nato izberite \u201cO\u2026\u201d ali \u201cAbout\u201d. Prikazala se vam bo informacija o va\u0161em brskalniku.<\/p>\n\n\n\n<p>Mac: Odprite brskalnik in kliknite \u201cPomo\u010d\u201d ali \u201cHelp\u201d na vrhu okna brskalnika. Nato izberite \u201cO\u2026\u201d ali \u201cAbout\u201d. Prikazala se vam bo informacija o va\u0161em brskalniku.<\/p>\n\n\n\n<p>Mobilna naprava: Preverite ime aplikacije s katero dostopate do interneta.<\/p>\n\n\n\n<p><br>5.2. Onemogo\u010danje ali omogo\u010danje ter brisanje pi\u0161kotkov<\/p>\n\n\n\n<p>\u010ce \u017eelite pi\u0161kotke omejiti ali blokirati, to storite v nastavitvah brskalnika.<br>\u010ce naj spletna mesta sploh ne shranjujejo pi\u0161kotkov v va\u0161 ra\u010dunalnik, lahko prilagodite nastavitve brskalnika tako, da vas bo pred shranitvijo vsakega pi\u0161kotka opozoril. Nastavitve lahko prilagodite tudi tako, da bo brskalnik zavra\u010dal vse pi\u0161kotke ali samo pi\u0161kotke tretjih oseb. Katerikoli pi\u0161kotek, ki je \u017ee shranjen v ra\u010dunalniku, lahko izbri\u0161ete. Na\u010dini prilagoditve nastavitev se razlikujejo po brskalnikih in ra\u010dunalnikih.<\/p>\n\n\n\n<p>Vendar upo\u0161tevajte, da vam v primeru, \u010de pi\u0161kotkov ne \u017eelite imeti, ne moremo jam\u010diti, da bo spletno mesto delovalo popolno. Lahko izgubite nekatere njegove funkcije, nekaterih strani pa si morda ne boste mogli ve\u010d ogledovati. Poleg tega se z zavrnitvijo pi\u0161kotkov ne morete popolnoma zavarovati pred prikazom oglasov. Oglasi pa\u010d ne bodo ve\u010d ukrojeni po va\u0161ih interesih in \u0161e pogosteje se bodo prikazovali. Vsak brskalnik ima lasten postopek prilagajanja nastavitev. Po potrebi si za pravilno nastavitev pomagajte s funkcijo pomo\u010di brskalnika, ki ga uporabljate. \u010ce \u017eelite onemogo\u010diti pi\u0161kotke v mobilnem telefonu, podrobnej\u0161a navodila poi\u0161\u010dite v priro\u010dniku zanj.<\/p>\n\n\n\n<p>Ve\u010d o pi\u0161kotkih lahko preberete na spletu, na <a href=\"http:\/\/www.aboutcookies.org\/\">http:\/\/www.aboutcookies.org\/<\/a><\/p>\n\n\n\n<p><strong>6. Drugi nepredvideni pi\u0161kotki<\/strong><\/p>\n\n\n\n<p>Glede na na\u010din delovanja spleta in spletnih mest popolnega pregleda nad pi\u0161kotki, ki jih prek na\u0161ega spletnega mesta raz\u0161irjajo tretje osebe, vedno ne moremo imeti. To \u0161e zlasti velja za tiste spletne strani, ki vsebujejo tako imenovane vdelane elemente: besedila, dokumente, slike ali kratke filme, ki jih je shranil nekdo drug, so pa prikazani na na\u0161em spletnem mestu ali prek njega.<br>\u010ce na tem spletnem mestu naletite na kak pi\u0161kotek, ki ni na\u0161tet na zgornjih seznamih, nas, prosimo, obvestite. Ali pa se obrnite neposredno na zadevno tretjo osebo in se pozanimajte o tem, kak\u0161ne pi\u0161kotke uporabljajo in v kak\u0161ne namene, kolik\u0161na je njihova \u017eivljenjska doba in kako vam zagotavljajo zasebnost.<\/p>\n\n\n\n<p><strong>7. Kontakti<\/strong><\/p>\n\n\n\n<p>Od \u010dasa do \u010dasa je morda treba to izjavo nekoliko posodobiti, bodisi zaradi sprememb na na\u0161em spletnem mestu ali zaradi sprememb predpisov o pi\u0161kotkih. Pridr\u017eujemo si pravico kadarkoli in brez vnaprej\u0161njega opozorila spremeniti vsebino izjave ali seznam pi\u0161kotkov. Najnovej\u0161o razli\u010dico najdete na tej spletni strani.<\/p>\n\n\n\n<p>\u010ce imate \u0161e kako vpra\u0161anje ali pripombo, prosimo da se obrnite na lastnika spletne strani Kmetija pri Brojanu preko <strong><a href=\"https:\/\/www.kmetijapribrojanu.si\/?page_id=14\">kontaktnega obrazca<\/a><\/strong>.<\/p>\n\n\n\n<p>Posodobljeno: februar 2021<\/p>\n\n\n","protected":false},"excerpt":{"rendered":"<p>Ta izjava o pi\u0161kotkih opisuje, kako spletno mesto www.kmetijapribrojanu.si uporablja pi\u0161kotke in podobne tehnologije za zbiranje in shranjevanje informacij, ko obi\u0161\u010dete spletne strani www.kmetijapribrojanu.si. 1.&hellip;<\/p>\n","protected":false},"author":1,"featured_media":0,"parent":0,"menu_order":0,"comment_status":"closed","ping_status":"closed","template":"","meta":{"ngg_post_thumbnail":0,"footnotes":""},"class_list":["post-1258","page","type-page","status-publish","hentry"],"_links":{"self":[{"href":"https:\/\/www.kmetijapribrojanu.si\/index.php?rest_route=\/wp\/v2\/pages\/1258","targetHints":{"allow":["GET"]}}],"collection":[{"href":"https:\/\/www.kmetijapribrojanu.si\/index.php?rest_route=\/wp\/v2\/pages"}],"about":[{"href":"https:\/\/www.kmetijapribrojanu.si\/index.php?rest_route=\/wp\/v2\/types\/page"}],"author":[{"embeddable":true,"href":"https:\/\/www.kmetijapribrojanu.si\/index.php?rest_route=\/wp\/v2\/users\/1"}],"replies":[{"embeddable":true,"href":"https:\/\/www.kmetijapribrojanu.si\/index.php?rest_route=%2Fwp%2Fv2%2Fcomments&post=1258"}],"version-history":[{"count":6,"href":"https:\/\/www.kmetijapribrojanu.si\/index.php?rest_route=\/wp\/v2\/pages\/1258\/revisions"}],"predecessor-version":[{"id":1271,"href":"https:\/\/www.kmetijapribrojanu.si\/index.php?rest_route=\/wp\/v2\/pages\/1258\/revisions\/1271"}],"wp:attachment":[{"href":"https:\/\/www.kmetijapribrojanu.si\/index.php?rest_route=%2Fwp%2Fv2%2Fmedia&parent=1258"}],"curies":[{"name":"wp","href":"https:\/\/api.w.org\/{rel}","templated":true}]}}