{"id":262,"date":"2012-02-10T09:14:01","date_gmt":"2012-02-10T08:14:01","guid":{"rendered":"http:\/\/www.kmetijapribrojanu.si\/?page_id=262"},"modified":"2021-02-13T22:24:04","modified_gmt":"2021-02-13T21:24:04","slug":"skuta","status":"publish","type":"page","link":"https:\/\/www.kmetijapribrojanu.si\/?page_id=262","title":{"rendered":"Skute"},"content":{"rendered":"\n<div class=\"wp-block-columns is-layout-flex wp-container-core-columns-is-layout-9d6595d7 wp-block-columns-is-layout-flex\">\n<div class=\"wp-block-column is-layout-flow wp-block-column-is-layout-flow\" style=\"flex-basis:66.66%\">\n<p><strong>SKUTA<\/strong><\/p>\n\n\n\n<p>Skuta je sve\u017ei sir, bogat s polnovrednimi beljakovinami. Skuta poleg pomembnih vitaminov in mineralov vsebuje \u017eivljenjsko pomembne aminokisline, kar pripomore k bolj\u0161i presnovi in delovanju jeter. Zaradi visoke vsebnosti kalcija je primerna tudi za otroke. Uporablja se pri peki sla\u0161\u010dic in slanih prigrizkov, pripravi namazov in nadevov, odli\u010dna pa je tudi kot samostojna jed. Zaradi koristnih u\u010dinkov in raznovrstne uporabe je to \u017eivilo, ki lahko obogati vsakdanji jedilnik. Ker je skuta hitro pokvarljiva, jo hranimo na hladnem in jo hitro porabimo!<\/p>\n\n\n\n<p>Na voljo v lon\u010dkih po 500 g.<\/p>\n<\/div>\n\n\n\n<div class=\"wp-block-column is-layout-flow wp-block-column-is-layout-flow\" style=\"flex-basis:33.33%\">\n<figure class=\"wp-block-image size-medium\"><a href=\"https:\/\/www.kmetijapribrojanu.si\/wp-content\/uploads\/2012\/02\/skuta-1111-x-624.jpg\"><img loading=\"lazy\" decoding=\"async\" width=\"300\" height=\"168\" src=\"https:\/\/www.kmetijapribrojanu.si\/wp-content\/uploads\/2012\/02\/skuta-1111-x-624-300x168.jpg\" alt=\"\" class=\"wp-image-292\" srcset=\"https:\/\/www.kmetijapribrojanu.si\/wp-content\/uploads\/2012\/02\/skuta-1111-x-624-300x168.jpg 300w, https:\/\/www.kmetijapribrojanu.si\/wp-content\/uploads\/2012\/02\/skuta-1111-x-624-1024x575.jpg 1024w, https:\/\/www.kmetijapribrojanu.si\/wp-content\/uploads\/2012\/02\/skuta-1111-x-624.jpg 1111w\" sizes=\"auto, (max-width: 300px) 100vw, 300px\" \/><\/a><\/figure>\n<\/div>\n<\/div>\n\n\n\n<div class=\"wp-block-columns is-layout-flex wp-container-core-columns-is-layout-9d6595d7 wp-block-columns-is-layout-flex\">\n<div class=\"wp-block-column is-layout-flow wp-block-column-is-layout-flow\" style=\"flex-basis:66.66%\">\n<p><strong>SKUTKA S SADJEM<\/strong><\/p>\n\n\n\n<p>Skuta s sadjem je lahko odli\u010dna sladica ali pa zdrava pote\u0161itev lakote med obroki. Lahko jo uporabimo kot samostojno jed ali pa jo nama\u017eemo na kruh oziroma pala\u010dinke.<\/p>\n\n\n\n<p>Okusi: jagoda, gozdni sade\u017ei, malina, borovnica, vi\u0161nja.<\/p>\n\n\n\n<p>Na voljo v lon\u010dkih po 150g.<\/p>\n<\/div>\n\n\n\n<div class=\"wp-block-column is-layout-flow wp-block-column-is-layout-flow\" style=\"flex-basis:33.33%\">\n<figure class=\"wp-block-image size-medium\"><a href=\"https:\/\/www.kmetijapribrojanu.si\/wp-content\/uploads\/2012\/02\/skutka-840-x-805.jpg\"><img loading=\"lazy\" decoding=\"async\" width=\"300\" height=\"287\" src=\"https:\/\/www.kmetijapribrojanu.si\/wp-content\/uploads\/2012\/02\/skutka-840-x-805-300x287.jpg\" alt=\"\" class=\"wp-image-294\" srcset=\"https:\/\/www.kmetijapribrojanu.si\/wp-content\/uploads\/2012\/02\/skutka-840-x-805-300x287.jpg 300w, https:\/\/www.kmetijapribrojanu.si\/wp-content\/uploads\/2012\/02\/skutka-840-x-805.jpg 840w\" sizes=\"auto, (max-width: 300px) 100vw, 300px\" \/><\/a><\/figure>\n<\/div>\n<\/div>\n\n\n\n<div class=\"wp-block-columns is-layout-flex wp-container-core-columns-is-layout-9d6595d7 wp-block-columns-is-layout-flex\">\n<div class=\"wp-block-column is-layout-flow wp-block-column-is-layout-flow\" style=\"flex-basis:66.66%\">\n<p><strong>SIRNI NAMAZ<\/strong><\/p>\n\n\n\n<p>Sirni namaz je namaz iz sve\u017ee skute z dodatkom zeli\u0161\u010d. Vsebuje torej vse biolo\u0161ko pomembne beljakovine, zato si ga brez pomislekov lahko privo\u0161\u010dimo za zajtrk ali pa z njim izbolj\u0161amo okus in hranljivost sendvi\u010da.<\/p>\n\n\n\n<p>Okusi: z drobnjakom, s \u010desnom in peter\u0161iljem, z mediteranskimi za\u010dimbami, z bulnimi semeni.<\/p>\n\n\n\n<p>Na voljo v lon\u010dkih po 130g.<\/p>\n<\/div>\n\n\n\n<div class=\"wp-block-column is-layout-flow wp-block-column-is-layout-flow\" style=\"flex-basis:33.33%\">\n<figure class=\"wp-block-image size-medium\"><a href=\"https:\/\/www.kmetijapribrojanu.si\/wp-content\/uploads\/2012\/02\/sirni-namaz-1139-x-516.jpg\"><img loading=\"lazy\" decoding=\"async\" width=\"300\" height=\"135\" src=\"https:\/\/www.kmetijapribrojanu.si\/wp-content\/uploads\/2012\/02\/sirni-namaz-1139-x-516-300x135.jpg\" alt=\"\" class=\"wp-image-334\" srcset=\"https:\/\/www.kmetijapribrojanu.si\/wp-content\/uploads\/2012\/02\/sirni-namaz-1139-x-516-300x135.jpg 300w, https:\/\/www.kmetijapribrojanu.si\/wp-content\/uploads\/2012\/02\/sirni-namaz-1139-x-516-1024x463.jpg 1024w, https:\/\/www.kmetijapribrojanu.si\/wp-content\/uploads\/2012\/02\/sirni-namaz-1139-x-516.jpg 1139w\" sizes=\"auto, (max-width: 300px) 100vw, 300px\" \/><\/a><\/figure>\n<\/div>\n<\/div>\n","protected":false},"excerpt":{"rendered":"<p>SKUTA Skuta je sve\u017ei sir, bogat s polnovrednimi beljakovinami. Skuta poleg pomembnih vitaminov in mineralov vsebuje \u017eivljenjsko pomembne aminokisline, kar pripomore k bolj\u0161i presnovi in&hellip;<\/p>\n","protected":false},"author":1,"featured_media":0,"parent":12,"menu_order":0,"comment_status":"closed","ping_status":"closed","template":"","meta":{"ngg_post_thumbnail":0,"footnotes":""},"class_list":["post-262","page","type-page","status-publish","hentry"],"_links":{"self":[{"href":"https:\/\/www.kmetijapribrojanu.si\/index.php?rest_route=\/wp\/v2\/pages\/262","targetHints":{"allow":["GET"]}}],"collection":[{"href":"https:\/\/www.kmetijapribrojanu.si\/index.php?rest_route=\/wp\/v2\/pages"}],"about":[{"href":"https:\/\/www.kmetijapribrojanu.si\/index.php?rest_route=\/wp\/v2\/types\/page"}],"author":[{"embeddable":true,"href":"https:\/\/www.kmetijapribrojanu.si\/index.php?rest_route=\/wp\/v2\/users\/1"}],"replies":[{"embeddable":true,"href":"https:\/\/www.kmetijapribrojanu.si\/index.php?rest_route=%2Fwp%2Fv2%2Fcomments&post=262"}],"version-history":[{"count":18,"href":"https:\/\/www.kmetijapribrojanu.si\/index.php?rest_route=\/wp\/v2\/pages\/262\/revisions"}],"predecessor-version":[{"id":1249,"href":"https:\/\/www.kmetijapribrojanu.si\/index.php?rest_route=\/wp\/v2\/pages\/262\/revisions\/1249"}],"up":[{"embeddable":true,"href":"https:\/\/www.kmetijapribrojanu.si\/index.php?rest_route=\/wp\/v2\/pages\/12"}],"wp:attachment":[{"href":"https:\/\/www.kmetijapribrojanu.si\/index.php?rest_route=%2Fwp%2Fv2%2Fmedia&parent=262"}],"curies":[{"name":"wp","href":"https:\/\/api.w.org\/{rel}","templated":true}]}}